= 25*l + 99. What is p(-4)?
-1
Let l(x) = 14*x + 56. What is l(-4)?
0
Let w(t) = -9*t + 23. What is w(3)?
-4
Let o(m) = 78*m + 254. Determine o(-3).
20
Let x(j) = j**3 - 5*j**2 - 2*j - 5. Determine x(5).
-15
Let u(b) = -8*b - 27. Determine u(-5).
13
Let q(k) = k**2 - 13*k + 27. Calculate q(11).
5
Let k(x) = 3*x**3 - 40*x**2 - 30*x + 45. Calculate k(14).
17
Let q(c) = 107*c**3 + c**2 - c - 1. Give q(-1).
-106
Let a(f) = 6*f**2 + 2*f - 1. Calculate a(2).
27
Let p(n) = -2*n**3 + 16*n**2 - n + 11. Calculate p(8).
3
Let a(n) = -n**3 - 23*n**2 + 21*n - 54. Calculate a(-24).
18
Let v(n) = n**3 + 9*n**2 + 6*n - 13. Give v(-8).
3
Let j(o) = -4*o**2 - 53*o - 10. Determine j(-13).
3
Let q(j) = -j**3 - 8*j**2 - 8*j + 10. Determine q(-7).
17
Let j(t) = -t**3 - 3*t**2 + 2*t - 6. Give j(-4).
2
Let w(f) = 4*f - 27. What is w(8)?
5
Let f(b) = b**2 + 10*b + 16. Calculate f(-6).
-8
Let v(n) = -9*n**3 - n**2 - 2*n - 1. Give v(-2).
71
Let r(c) = -5*c + 11. Give r(-7).
46
Let k(b) = -b**3 + 36*b**2 - 34*b - 40. What is k(35)?
-5
Let k(q) = -6*q**2 + 5*q. Determine k(2).
-14
Let q(v) = -v**3 - v**2 + 7. Determine q(4).
-73
Let b(w) = -w**2 + 41*w - 83. What is b(38)?
31
Let r(f) = -3*f**2 + 5*f. Determine r(2).
-2
Let u(v) = -12*v**2 + v. Calculate u(1).
-11
Let t(r) = -2*r**2 - 5*r + 4. Calculate t(0).
4
Let n(z) = z**3 - 11*z**2 + 19*z - 2. Give n(9).
7
Let n(i) = i**3 + 5*i**2 - 3*i - 19. Give n(-3).
8
Let a(s) = -s**2 + 27*s - 101. Calculate a(5).
9
Let b(w) = -3*w**2 - 19*w + 7. What is b(-6)?
13
Let y(n) = -4*n**3 - 57*n**2 - 11*n + 44. Calculate y(-14).
2
Let j(d) = d - 13. Determine j(8).
-5
Let d(n) = n**3 - 7*n**2 - 10*n + 11. What is d(8)?
-5
Let k(z) = z**3 - 4*z**2 - 4*z + 3. Calculate k(5).
8
Let t(s) = -2*s**3 - 13*s**2 + 25*s + 10. What is t(-8)?
2
Let w(k) = -k**3 - 10*k**2 - 9*k - 1. What is w(-9)?
-1
Let m(f) = f - 9. Calculate m(6).
-3
Let u(q) = q**3 + 5*q**2 + q + 8. What is u(-5)?
3
Let k(m) = -m**2 + 79*m - 69. Determine k(78).
9
Let y(x) = 3*x**2 - 28*x - 3. Determine y(8).
-35
Let n(b) = -b**2 - 7. What is n(-7)?
-56
Let d(z) = -23*z - 57. Give d(-5).
58
Let c(j) = -j**3 - 10*j**2 - 4*j + 6. Calculate c(-11).
171
Let t(v) = v**2 + 11*v - 15. Determine t(-13).
11
Let l(p) = -p**3 + 2*p**2 - p - 1. Calculate l(-3).
47
Let i(t) = 3*t**2 - 2*t - 2. What is i(-1)?
3
Let o(l) = l**3 - 4*l**2 - 5*l + 12. Give o(5).
12
Let t(g) = g**2 + 9*g + 8. What is t(-6)?
-10
Let j(n) = n**3 - 20*n**2 - 21*n + 3. Determine j(21).
3
Let d(k) = k**3 + 21*k**2 + 16*k - 74. What is d(-20)?
6
Let q(r) = -r**3 + 34*r**2 + 111*r - 10. Determine q(37).
-10
Let x(y) = -y**3 - 2*y**2 - 1. Determine x(-2).
-1
Let x(n) = 3*n - 5. Calculate x(1).
-2
Let z(y) = -6*y**3 - y - 2. Give z(-2).
48
Let k(a) = 4*a + 1. Calculate k(2).
9
Let d(k) = k**2 - 10*k - 16. What is d(10)?
-16
Let q(j) = -j**3 - 7*j**2 + 9*j - 1. Determine q(-8).
-9
Let t(v) = -v**2 + 20*v - 18. Calculate t(19).
1
Let t(v) = -v**3 + 4*v**2 + v - 1. Determine t(2).
9
Let w(r) = r**2 - 12*r + 20. What is w(8)?
-12
Let y(c) = -2*c**2 - 10*c - 17. Calculate y(-4).
-9
Let u(t) = -t + 15. Determine u(8).
7
Let j(r) = 7*r - 12. What is j(2)?
2
Let w(a) = -a**3 + 18*a**2 - 17*a + 6. Give w(17).
6
Let a(n) = -2*n**2 + 4*n. Give a(-3).
-30
Let s(k) = -22*k + 11. Determine s(-2).
55
Let l(q) = 2*q**2 - 10*q + 2. Determine l(4).
-6
Let a(z) = z**3 + 15*z**2 + 49*z - 42. Calculate a(-9).
3
Let i(r) = -27*r - 1. What is i(1)?
-28
Let j(m) = m**2 + m - 35. Give j(-7).
7
Let f(w) = -w**3 + w**2 + 4*w - 6. What is f(-4)?
58
Let c(q) = 2*q**3 + 3*q**2 + 3*q + 3. What is c(-2)?
-7
Let t(m) = -6*m**2 - 29*m - 9. Give t(-6).
-51
Let z(d) = -d - 29. Calculate z(4).
-33
Let r(y) = -y**2 - 19*y - 70. Give r(-5).
0
Let v(t) = t**3 + 18*t**2 - 4*t. Determine v(-18).
72
Let u(t) = -9*t - 132. What is u(-15)?
3
Let n(h) = h**2 + 3*h + 4. What is n(-1)?
2
Let l(d) = -2*d + 21. Determine l(11).
-1
Let k(m) = 12*m + 78. Calculate k(-5).
18
Let w(q) = 2*q**2 + 28*q + 26. Calculate w(-1).
0
Let w(q) = q**2 + 39*q + 265. Determine w(-30).
-5
Let c(b) = -2*b + 1. Determine c(-4).
9
Let p(r) = r - 18. Give p(12).
-6
Let j(i) = -i**2 - 5*i + 14. Give j(-11).
-52
Let v(k) = -k + 3. Give v(6).
-3
Let t(s) = 2*s**3 - 22*s**2 + 4*s + 13. Give t(11).
57
Let j(s) = -19*s - 187. Calculate j(-9).
-16
Let a(c) = 5*c**2 - 1. Calculate a(2).
19
Let k(b) = b**2 - 2*b + 4. What is k(3)?
7
Let o(j) = -j**3 + 8*j**2 - 8. Calculate o(7).
41
Let t(i) = -5*i + 3. Calculate t(-3).
18
Let o(z) = 11*z + 13. Give o(-6).
-53
Let a(l) = -l**3 + 3*l**2 + 7*l - 6. What is a(4)?
6
Let a(l) = l**3 - 7*l**2 + 10*l - 2. Determine a(5).
-2
Let j(q) = -q**3 + 5*q**2 - 2*q - 1. What is j(2)?
7
Let o(t) = -t - 4. Calculate o(2).
-6
Let p(u) = -2*u + 15. Determine p(7).
1
Let q(j) = j**2 + 28*j + 179. What is q(-19)?
8
Let i(q) = 3*q + 34. Determine i(-8).
10
Let f(r) = -r**3 - r**2 - 2*r + 2. Give f(1).
-2
Let l(t) = -t**3 + 3*t**2 + 7*t - 2. Calculate l(5).
-17
Let o(t) = -3*t - 13. Calculate o(-11).
20
Let m(u) = -u**3 + 4*u**2 - 6*u + 6. Determine m(3).
-3
Let x(v) = -v**3 + 2*v**2 - v - 2. Determine x(2).
-4
Let s(g) = g + 14. Give s(0).
14
Let x(j) = j**3 + 16*j**2 + 13*j - 15. Determine x(-15).
15
Let s(q) = -2*q**2 - 53*q - 344. Determine s(-14).
6
Let j(d) = -d + 6. Calculate j(2).
4
Let f(l) = -2*l + 1. What is f(-1)?
3
Let f(z) = 9*z**2 - 4*z. Calculate f(1).
5
Let n(l) = 3*l - 6. Calculate n(5).
9
Let c(k) = k**2 + 28*k + 82. Calculate c(-4).
-14
Let k(f) = 2*f**3 - 84*f**2 + 83*f - 32. Determine k(41).
9
Let o(b) = -b**3 - b**2 - 2*b - 7. Determine o(-2).
1
Let i(b) = 2*b. Determine i(1).
2
Let m(j) = j**3 - 20*j**2 + 17*j + 29. Determine m(19).
-9
Let k(z) = -z**3 + 20*z**2 - 35*z - 7. What is k(18)?
11
Let y(c) = -7*c - 4. Calculate y(5).
-39
Let i(o) = -3*o + 25. Calculate i(12).
-11
Let u(j) = -6*j - 3. Give u(-1).
3
Let f(v) = v**3 + v**2 - 1. What is f(-2)?
-5
Let d(y) = -y**3 - 16*y**2 + y + 22. Calculate d(-16).
6
Let a(p) = 3*p - 9. Calculate a(6).
9
Let c(b) = b**2 + 26*b + 82. Give c(-22).
-6
Let w(g) = -g**3 - 30*g**2 + 5*g + 74. What is w(-30)?
-76
Let r(g) = -g + 15. Determine r(0).
15
Let t(i) = 2*i**3 + 15*i**2 - 28*i - 5. What is t(-9)?
4
Let s(y) = y**2 + 10*y - 12. Give s(-11).
-1
Let u(m) = -17*m. Calculate u(2).
-34
Let j(g) = -g**3 - 7*g**2 + 6*g - 9. Calculate j(-8).
7
Let m(z) = 52*z + 206. What is m(-4)?
-2
Let d(f) = 24*f + 415. Determine d(-17).
7
Let z(l) = l**3 - 5*l**2 - 4*l - 23. What is z(7)?
47
Let j(i) = 2*i**3 + 26*i**2 + 27*i - 11. Give j(-12).
-47
Let n(k) = -k**2 + 10. Calculate n(3).
1
Let u(m) = m**2 - 4*m - 4. Determine u(5).
1
Let t(j) = -j**2 - 5*j + 77. What is t(-12)?
-7
Let x(c) = -8*c. Calculate x(-1).
8
Let u(j) = -4*j**2 + 21*j + 48. Determine u(7).
-1
Let m(k) = 2*k**3 + k**2 - k + 2. Give m(-2).
-8
Let w(a) = a**3 - 5*a**2 - 4*a + 13. Give w(5).
-7
Let h(l) = 87*l + 782. What is h(-9)?
-1
Let o(h) = h**3 - 11*h**2 - 14*h + 20. Give o(12).
-4
Let u(y) = 7*y - 85. Give u(14).
13
Let w(l) = 14*l + 45. Determine w(6).
129
Let d(y) = 12*y**3 - y**2 + 4*y - 2. Determine d(2).
98
Let s(i) = -111*i - 108. Determine s(-1).
3
Let c(x) = -7*x + 5. Determine c(7).
-44
Let k(n) = 7*n + 41. Determine k(-5).
6
Let a(i) = -i**2 - 4*i + 5. What is a(-4)?
5
Let o(h) = -h**2 + 6*h + 16. What is o(-3)?
-11
Let l(s) = 14*s + 80. Determine l(-8).
-32
Let j(p) = -35*p + 71. Give j(2).
1
Let w(i) = -11*i**3 + 14*i**2 + 7*i + 2. What is w(2)?
-16
Let f(z) = -2*z**3 + 24*z**2 + 3. What is f(12)?
3
Let l(r) = r**3 + 2*r**2 - r - 1. Determine l(-1).
1
Let y(r) = -r**3 + 3*r**2 + 10*r - 4. Calculate y(5).
-4
Let o(l) = 168*l - 2. Calculate o(-1).
-170
Let s(d) = 3*d + 48. What is s(-20)?
-12
Let l(o) = -o + 4. Determine l(-2).
6
Let t(n) = n**2 + 4*n - 22. Determine t(-7).
-1
Let i(n) = 247*n + 240. Calculate i(-1).
-7
Let r(q) = -q**3 + 12*q**2 - 29. Give r(0).
-29
Let j(h) = 6*h**2 - 34*h - 52. What is j(7)?
4
Let l(b) = -b**2 - 3*b - 2. Determine l(-8).
-42
Let a(r) = -r**2 - 4*r - 12. Calculate a(4).
-44
Let l(r) = 13*r + 209. Calculate l(-15).
14
Let q(o) = -2*o**3 - 2*o**2 - 2*o - 1. Determine q(-1).
1
Let c(h) = -20*h + 6. Calculate c(0).
6
Let i(d) = -d**2 - 15*d + 14. What is i(-16)?
-2
Let r(d) = d**3 - 11*d**2 + 5*d + 12. Give 